{"id":76397,"date":"2015-08-14T07:59:13","date_gmt":"2015-08-14T07:59:13","guid":{"rendered":"http:\/\/sanremofestival.info\/vacaciones-en-san-remo\/"},"modified":"2023-07-31T17:31:58","modified_gmt":"2023-07-31T17:31:58","slug":"vacaciones-en-san-remo","status":"publish","type":"page","link":"https:\/\/sanremofestival.info\/es\/vacaciones-en-san-remo\/","title":{"rendered":"VACACIONES EN SAN REMO"},"content":{"rendered":"<p>[et_pb_section fb_built=\u00bb1&#8243; specialty=\u00bbon\u00bb module_class=\u00bball_pages_section\u00bb _builder_version=\u00bb4.16&#8243; _module_preset=\u00bbdefault\u00bb global_colors_info=\u00bb{}\u00bb][et_pb_column type=\u00bb3_4&#8243; specialty_columns=\u00bb3&#8243; _builder_version=\u00bb4.16&#8243; custom_padding=\u00bb|||\u00bb global_colors_info=\u00bb{}\u00bb custom_padding__hover=\u00bb|||\u00bb][et_pb_row_inner _builder_version=\u00bb4.16&#8243; _module_preset=\u00bbdefault\u00bb global_colors_info=\u00bb{}\u00bb][et_pb_column_inner saved_specialty_column_type=\u00bb3_4&#8243; module_class=\u00bbcontent_col\u00bb _builder_version=\u00bb4.16&#8243; _module_preset=\u00bbdefault\u00bb global_colors_info=\u00bb{}\u00bb][et_pb_text admin_label=\u00bbText\u00bb _builder_version=\u00bb4.19.5&#8243; background_size=\u00bbinitial\u00bb background_position=\u00bbtop_left\u00bb background_repeat=\u00bbrepeat\u00bb hover_enabled=\u00bb0&#8243; global_colors_info=\u00bb{}\u00bb sticky_enabled=\u00bb0&#8243;]<\/p>\n<h3><strong>Con ocasi\u00f3n del Festival de San Remo 2024, nos ponemos a su disposici\u00f3n para organizar como nunca su vacaciones en San Remo, tanto si son apasionados de la canci\u00f3n italiana como si se trata de personal autorizado.<\/strong><\/h3>\n<p>Seleccione en el Men\u00fa los servicios que se ajusten a sus necesidades:<br \/>Paquetes vacacionales con:<\/p>\n<ul>\n<li>entradas para el Festival.<\/li>\n<li>alojamiento en hoteles de 3 a 5 estrellas.<\/li>\n<\/ul>\n<p>Reservas de hotel:<\/p>\n<ul>\n<li>para turistas particulares.<\/li>\n<li>para personal autorizado.<\/li>\n<\/ul>\n<p>Solicite servicios tur\u00edsticos adicionales:<\/p>\n<ul>\n<li>traslados desde los aeropuertos de Niza y G\u00e9nova.<\/li>\n<li>alquiler de veh\u00edculos.<\/li>\n<li>reserva de vuelos y ferry.<\/li>\n<\/ul>\n<p>Organizaci\u00f3n: <strong>Nyala Wonder Travel<\/strong> Via Solaro 134 &#8211; 18038 San Remo <strong>Tfno. 0184 666 986\u00a0<\/strong> (L-V 9:30-17:30 \/ S 9:30-13:00)<\/p>\n<p>[\/et_pb_text][\/et_pb_column_inner][\/et_pb_row_inner][\/et_pb_column][et_pb_column type=\u00bb1_4&#8243; _builder_version=\u00bb4.16&#8243; custom_padding=\u00bb|||\u00bb global_colors_info=\u00bb{}\u00bb custom_padding__hover=\u00bb|||\u00bb][et_pb_sidebar orientation=\u00bbright\u00bb module_class=\u00bbsidebar-main\u00bb _builder_version=\u00bb4.16&#8243; _module_preset=\u00bbdefault\u00bb global_colors_info=\u00bb{}\u00bb][\/et_pb_sidebar][\/et_pb_column][\/et_pb_section]<\/p>\n","protected":false},"excerpt":{"rendered":"<p>Con ocasi\u00f3n del Festival de San Remo 2024, nos ponemos a su disposici\u00f3n para organizar como nunca su vacaciones en San Remo, tanto si son apasionados de la canci\u00f3n italiana como si se trata de personal autorizado. Seleccione en el Men\u00fa los servicios que se ajusten a sus necesidades:Paquetes vacacionales con: entradas para el Festival. [&hellip;]<\/p>\n","protected":false},"author":1,"featured_media":0,"parent":0,"menu_order":0,"comment_status":"closed","ping_status":"closed","template":"","meta":{"_et_pb_use_builder":"on","_et_pb_old_content":"<h3>Con ocasi\u00f3n del Festival de San Remo 2020, nos ponemos a su disposici\u00f3n para organizar como nunca su vacaciones en San Remo, tanto si son apasionados de la canci\u00f3n italiana como si se trata de personal autorizado.<\/h3>\r\nSeleccione en el Men\u00fa los servicios que se ajusten a sus necesidades:\r\nPaquetes vacacionales con:\r\n<ul>\r\n\t<li>entradas para el Festival.<\/li>\r\n\t<li>alojamiento en hoteles de 3 a 5 estrellas.<\/li>\r\n<\/ul>\r\nReservas de hotel:\r\n<ul>\r\n\t<li>para turistas particulares.<\/li>\r\n\t<li>para personal autorizado.<\/li>\r\n<\/ul>\r\nSolicite servicios tur\u00edsticos adicionales:\r\n<ul>\r\n\t<li>traslados desde los aeropuertos de Niza y G\u00e9nova.<\/li>\r\n\t<li>alquiler de veh\u00edculos.<\/li>\r\n\t<li>reserva de vuelos y ferry.<\/li>\r\n<\/ul>\r\nOrganizaci\u00f3n: <strong>Nyala Wonder Travel<\/strong> Via Solaro 134 - 18038 San Remo <strong>Tfno. 0184 666 986\u00a0<\/strong> (L-V 9:30-17:30 \/ S 9:30-13:00)","_et_gb_content_width":"","footnotes":""},"class_list":["post-76397","page","type-page","status-publish","hentry"],"_links":{"self":[{"href":"https:\/\/sanremofestival.info\/es\/wp-json\/wp\/v2\/pages\/76397","targetHints":{"allow":["GET"]}}],"collection":[{"href":"https:\/\/sanremofestival.info\/es\/wp-json\/wp\/v2\/pages"}],"about":[{"href":"https:\/\/sanremofestival.info\/es\/wp-json\/wp\/v2\/types\/page"}],"author":[{"embeddable":true,"href":"https:\/\/sanremofestival.info\/es\/wp-json\/wp\/v2\/users\/1"}],"replies":[{"embeddable":true,"href":"https:\/\/sanremofestival.info\/es\/wp-json\/wp\/v2\/comments?post=76397"}],"version-history":[{"count":11,"href":"https:\/\/sanremofestival.info\/es\/wp-json\/wp\/v2\/pages\/76397\/revisions"}],"predecessor-version":[{"id":443785,"href":"https:\/\/sanremofestival.info\/es\/wp-json\/wp\/v2\/pages\/76397\/revisions\/443785"}],"wp:attachment":[{"href":"https:\/\/sanremofestival.info\/es\/wp-json\/wp\/v2\/media?parent=76397"}],"curies":[{"name":"wp","href":"https:\/\/api.w.org\/{rel}","templated":true}]}}

<p>[et_pb_section fb_built=»1&#8243; specialty=»on» module_class=»all_pages_section» _builder_version=»4.16&#8243; _module_preset=»default» global_colors_info=»{}»][et_pb_column type=»3_4&#8243; specialty_columns=»3&#8243; _builder_version=»4.16&#8243; custom_padding=»|||» global_colors_info=»{}» custom_padding__hover=»|||»][et_pb_row_inner _builder_version=»4.16&#8243; _module_preset=»default» global_colors_info=»{}»][et_pb_column_inner saved_specialty_column_type=»3_4&#8243; module_class=»content_col» _builder_version=»4.16&#8243; _module_preset=»default» global_colors_info=»{}»][et_pb_text admin_label=»Text» _builder_version=»4.19.5&#8243; background_size=»initial» background_position=»top_left» background_repeat=»repeat» hover_enabled=»0&#8243; global_colors_info=»{}» sticky_enabled=»0&#8243;]</p>
<h3><strong>Con ocasión del Festival de San Remo 2024, nos ponemos a su disposición para organizar como nunca su vacaciones en San Remo, tanto si son apasionados de la canción italiana como si se trata de personal autorizado.</strong></h3>
<p>Seleccione en el Menú los servicios que se ajusten a sus necesidades:<br />Paquetes vacacionales con:</p>
<ul>
<li>entradas para el Festival.</li>
<li>alojamiento en hoteles de 3 a 5 estrellas.</li>
</ul>
<p>Reservas de hotel:</p>
<ul>
<li>para turistas particulares.</li>
<li>para personal autorizado.</li>
</ul>
<p>Solicite servicios turísticos adicionales:</p>
<ul>
<li>traslados desde los aeropuertos de Niza y Génova.</li>
<li>alquiler de vehículos.</li>
<li>reserva de vuelos y ferry.</li>
</ul>
<p>Organización: <strong>Nyala Wonder Travel</strong> Via Solaro 134 &#8211; 18038 San Remo <strong>Tfno. 0184 666 986 </strong> (L-V 9:30-17:30 / S 9:30-13:00)</p>
<p>[/et_pb_text][/et_pb_column_inner][/et_pb_row_inner][/et_pb_column][et_pb_column type=»1_4&#8243; _builder_version=»4.16&#8243; custom_padding=»|||» global_colors_info=»{}» custom_padding__hover=»|||»][et_pb_sidebar orientation=»right» module_class=»sidebar-main» _builder_version=»4.16&#8243; _module_preset=»default» global_colors_info=»{}»][/et_pb_sidebar][/et_pb_column][/et_pb_section]</p>

<p>Con ocasión del Festival de San Remo 2024, nos ponemos a su disposición para organizar como nunca su vacaciones en San Remo, tanto si son apasionados de la canción italiana como si se trata de personal autorizado. Seleccione en el Menú los servicios que se ajusten a sus necesidades:Paquetes vacacionales con: entradas para el Festival. [&hellip;]</p>

<h3>Con ocasión del Festival de San Remo 2020, nos ponemos a su disposición para organizar como nunca su vacaciones en San Remo, tanto si son apasionados de la canción italiana como si se trata de personal autorizado.</h3>
Seleccione en el Menú los servicios que se ajusten a sus necesidades:
Paquetes vacacionales con:
<ul>
	<li>entradas para el Festival.</li>
	<li>alojamiento en hoteles de 3 a 5 estrellas.</li>
</ul>
Reservas de hotel:
<ul>
	<li>para turistas particulares.</li>
	<li>para personal autorizado.</li>
</ul>
Solicite servicios turísticos adicionales:
<ul>
	<li>traslados desde los aeropuertos de Niza y Génova.</li>
	<li>alquiler de vehículos.</li>
	<li>reserva de vuelos y ferry.</li>
</ul>
Organización: <strong>Nyala Wonder Travel</strong> Via Solaro 134 - 18038 San Remo <strong>Tfno. 0184 666 986 </strong> (L-V 9:30-17:30 / S 9:30-13:00)
